 = 20 + 80. What is the highest common factor of a and r?
10
Suppose -105 = -20*c + 13*c. Suppose -3*j + 2*g + 92 = 0, -20*j + 156 = -c*j - 4*g. What is the highest common divisor of 126 and j?
14
Suppose 0 = -f - 3*k - 4, 0 = f - k + 3 - 7. Calculate the greatest common divisor of 122 and f.
2
Suppose -21 = -2*t + 3*h, -t + 26 = t + 2*h. What is the greatest common divisor of t and 39?
3
Suppose -11 = -2*g - 1, -2*g = -4*c + 174. What is the greatest common factor of c and 1702?
46
Let u(f) = -11*f**2 - 24*f + 4. Let x be u(-2). What is the greatest common divisor of 136 and x?
8
Suppose 0 = -r - 2*a + 51 + 145, -a = -3*r + 602. Let b(s) = s + 25. Let y be b(0). Calculate the greatest common divisor of r and y.
25
Let y = -52 + 57. Suppose -y*p + 77 = 3*l, 47 = 4*p - p + 2*l. Let q be (52/(-10))/((-2)/20). Calculate the highest common factor of p and q.
13
Suppose -5*x + 96 = 2*r, 3*x - 6 = 2*x + 4*r. Suppose n - x = 99. What is the greatest common divisor of n and 78?
39
Let z(m) = -12*m + 4. Let k be z(-3). Let x = 106 + -151. Let j = 50 + x. Calculate the highest common factor of k and j.
5
Suppose 3*h - 7*f + 6*f = 18, 2*f - 6 = 0. Suppose -h = 3*t + 5*z, -2*t - z + 0*z = 0. Calculate the greatest common factor of 2 and t.
1
Suppose -2*c + 3*p + 93 = 0, 5*c + p = 68 + 122. Calculate the highest common divisor of 26 and c.
13
Suppose 59*u - 26*u = 1782. What is the greatest common divisor of 81 and u?
27
Let n(v) = -v**2 - v + 2. Let s be n(0). Suppose -z + 1 = -s*z, 5*u - 501 = z. Suppose u = 4*q + 16. What is the greatest common divisor of q and 189?
21
Let y(c) = -5*c + 63. Let i be y(-26). What is the greatest common divisor of 1 and i?
1
Suppose -3*u + 60 = -9. Suppose 4*g + 5*i - 32 = 9*i, 0 = 4*g - 2*i - 42. Let j = u - g. What is the greatest common divisor of 10 and j?
10
Suppose -2*o - 20 = -7*o. Suppose -o*p + p + 684 = 0. Suppose 0*z - 3*z + 5*d + 133 = 0, 2*d = 5*z - p. Calculate the greatest common factor of 69 and z.
23
Let w(c) = -75*c - 77*c + 151*c + 5 + 10. Let f be w(13). What is the greatest common divisor of f and 6?
2
Let m(g) = -g**3 + 13 - 2*g**2 - 3*g**2 + 7*g - 4*g**2 + 2*g**2. Let i be m(-8). What is the highest common factor of i and 3?
3
Let o = 778 - 658. Calculate the greatest common divisor of o and 72.
24
Let r(q) = q**2 + 2*q - 4. Let p be r(-4). Suppose 0 = -12*l + 11*l + 4. Calculate the greatest common factor of l and p.
4
Suppose 5*m - 5*l + 5 = 0, -3*l - 170 + 169 = -5*m. What is the greatest common factor of 112 and m?
2
Let n be (-6 + (-40)/12)*-3. Calculate the highest common divisor of 252 and n.
28
Let c be ((-55)/(-10) - 5)/((-2)/(-344)). What is the greatest common factor of 1978 and c?
86
Suppose 2*d + 4*s - s - 119 = 0, -s - 47 = -d. Let j = 616 - 200. Calculate the highest common divisor of j and d.
52
Suppose 12 = 3*z, z - 356 = 10*l - 6*l. Let b = -76 - l. Calculate the highest common divisor of 4 and b.
4
Suppose 8*a - 16782 + 2718 = 0. Suppose -m + 4*q = -412, 3*m + q + 574 - a = 0. Calculate the highest common factor of 36 and m.
36
Let u(w) = 14*w**2 + 2 - 11*w - 15*w**2 + 10. Suppose -2*g + 5*g = -3*t - 24, 4*g - 4*t = -40. Let z be u(g). Calculate the highest common factor of 10 and z.
10
Let u(g) = g**2 - 18*g + 20. Let f be u(17). Suppose 5*r = -5*m + 575, 2*r - 149 = -f*m + 76. What is the greatest common factor of 15 and r?
15
Suppose x = n + n - 193, 0 = 5*x - 25. What is the greatest common divisor of n and 81?
9
Let b(f) = 10*f**2 - 42*f + 6. Let m be b(6). Calculate the highest common divisor of m and 190.
38
Let b be 932/(-18) - (-12)/(-54). Let z be b/(-14) - 10/(-35). What is the greatest common divisor of 20 and z?
4
Suppose 2*o - 162 = -v, 4*o + 0*o + 436 = 3*v. Let w(p) = -p**2 + 17*p - 33. Let m be w(13). Calculate the greatest common divisor of m and v.
19
Let f = 244 - 240. What is the highest common divisor of 100 and f?
4
Suppose 5*y = -2*i + 220, 17*y = 13*y - 5*i + 176. Calculate the greatest common factor of y and 605.
11
Let m = 317 + -299. Calculate the highest common factor of 9 and m.
9
Suppose -4*q = 29 + 19. Let s = q + 27. Suppose 2*g - 1 = s. What is the highest common factor of g and 40?
8
Let g(k) = -k**2 + 9*k + 6. Let n = -14 - -18. Let h be n*1*(3 - 1). Let p be g(h). Calculate the highest common factor of p and 7.
7
Let p be 4/(-6) + 156/18. Let v = 0 + p. Let t = -11 + 51. What is the greatest common divisor of v and t?
8
Suppose 5*o - 92 = -3*t, -3*o = -4*t - 2*o + 92. Let m = 81 - 57. What is the highest common divisor of m and t?
24
Suppose -2*t + 3*b + 30 = 0, 0*b + 13 = t - b. Suppose 4*s + 4*g - 264 = 0, 0 = 2*s + 5*g - 2*g - 135. What is the greatest common divisor of s and t?
9
Suppose 5*h + 5*q - 13 = 2, 15 = -5*q. What is the highest common factor of h and 15?
3
Let w be (91/(-14))/(2/(-28)). Suppose 0 = -6*o + w + 107. Calculate the greatest common divisor of o and 11.
11
Suppose 153 = 5*i + p, 3*i = 4*p + 49 + 52. Suppose 0 = -i*b + 26*b + 765. What is the greatest common factor of b and 17?
17
Suppose 0 = 7*s - 50 - 20. What is the highest common divisor of 10 and s?
10
Suppose -409 + 79 = -5*r. Suppose 4*h = 12*h - 24. Suppose 4*k - 5*l - 26 = -h*l, 4*k + l = 23. What is the highest common factor of r and k?
6
Suppose 11*m = -25*m + 4752. Calculate the highest common factor of m and 297.
33
Let w = 160 + -158. Calculate the highest common divisor of w and 34.
2
Suppose -3 = -2*q + u - 0, -u - 3 = 0. Suppose 84 = 4*o - 3*d - q, -3*o + 52 = -5*d. What is the greatest common divisor of o and 60?
12
Suppose -69 = -n + 11. Let b(w) = -w + 5. Let d be b(7). Let a be 22 + 2/2*d. Calculate the highest common factor of a and n.
20
Suppose 0 = 7*s - 4*s + n - 13, -n = -s - 1. Calculate the greatest common divisor of 183 and s.
3
Suppose 5*b - 11 - 5 = -3*a, 5*b - a = 8. Let x = 3 + b. Let j = -12029 - -12084. Calculate the highest common factor of x and j.
5
Suppose 3 = 3*d, 12*d + 1444 = 2*a + 16*d. Calculate the greatest common factor of 216 and a.
72
Let r(b) = 1101*b - 144. Let l be r(1). What is the greatest common factor of 348 and l?
87
Let n be (-2 - 21/(-9))*-6. Let v be (-20 - -22)*1/n. Let i be 67/1 + (-1)/v. What is the greatest common divisor of 17 and i?
17
Let b be (-232)/174*(-15)/2*2. Let i(x) = 3*x + 5. Let r be i(5). What is the highest common divisor of r and b?
20
Let s be 0/2 + 28 + 0. Let f = -3972 - -4014. What is the highest common divisor of f and s?
14
Let w be 2/(-5) - (-96)/40. Suppose -3*l = -4*h - 8 - 10, -23 = -w*l - h. What is the highest common factor of 10 and l?
10
Suppose 8*k - 23*k + 4185 = 0. Calculate the highest common factor of k and 18.
9
Let q = 490 + -298. What is the highest common factor of q and 24?
24
Let a(o) = o**3 + 5*o**2 - 5*o + 10. Let n be a(-6). Let i be (18/(-8))/9 - (-241)/n. Calculate the greatest common factor of i and 24.
12
Suppose -r = -139*t + 143*t - 196, 192 = r + 5*t. Calculate the greatest common factor of r and 901.
53
Suppose -j + 5*j + 4 = 3*w, 0 = -4*j + w - 12. Let p be (-1)/j + 741/76. Calculate the highest common divisor of 90 and p.
10
Let x be (-2)/(-6*2/(-78)). Let m = -3 - x. Let p(z) = -29*z + 1. Let c be p(-1). Calculate the greatest common divisor of m and c.
10
Let p = 250 + -124. Calculate the greatest common divisor of 36 and p.
18
Suppose 32*t = 35*t - 345. What is the greatest common factor of 5 and t?
5
Let s(o) = 4*o**2 + 41*o + 14. Let k be s(-10). What is the highest common divisor of 4 and k?
4
Let i(b) = 17*b**3 + 5*b**2 - 3*b + 3. Let a be i(2). What is the highest common factor of a and 816?
51
Let u = -5 + 37. Let i(v) = 2*v**2 - 6*v - 132. Let k be i(10). Calculate the highest common divisor of k and u.
8
Let h = 123 + -33. Suppose -2178 = -224*n + 103*n. Calculate the greatest common divisor of h and n.
18
Let y be (-2180)/(-26) + (12/78 - 0). Suppose -5*u + y = 2*u. What is the greatest common divisor of u and 24?
12
Suppose 0*w - 6*w = -12. Let g be ((-3)/(-4))/((-429)/216 + w). Calculate the highest common divisor of g and 6.
6
Let t(z) = -2*z**2 - 11*z + 8. Let i be t(-6). Let n be (-10)/((4/1)/i). Let y be (n + -1)*(-1 + -1). Calculate the greatest common factor of 48 and y.
12
Let a(i) = -10*i - 2. Let c be 1*-2 + (0 - 0). Let d be a(